).
30
Let i(m) be the third derivative of -m**6/360 - m**5/24 - 7*m**3/3 + m**2. Let l(h) be the first derivative of i(h). What is l(-3)?
6
Let g(k) = 5*k - 7. Let d be g(2). Suppose 0 = 2*w - d*f - 0*f + 12, 0 = 3*w - f + 18. Let u(i) = i**2 + 8*i + 5. What is u(w)?
-7
Let j(r) = -4*r**2 + 2*r. Let a(v) = 15*v**2 - 2*v + 7. Let b(g) = -a(g) - 4*j(g). Let n be (4 - 0)*(-3)/2. Let i = 0 - n. Give b(i).
-7
Let p(z) = z**2 + z - 1. Let x be (-10)/(-2 + 4/4). Suppose -8*n = -13*n + x. Determine p(n).
5
Let y(l) = -6*l**2 + 3*l - 1. Let u(v) = -v**3 + 5*v**2 - 2*v + 1. Let m = 22 - 26. Let j(z) = m*y(z) - 5*u(z). Determine j(-1).
-5
Let c(j) be the third derivative of 0 - 21*j**2 - 1/6*j**4 + 0*j**3 - 1/60*j**5 + 0*j. What is c(-6)?
-12
Suppose 55*m - 282 = 8*m. Let a = -2 + 4. Let d(w) = 3*w**3 + 7*w + 1 + 5*w**a - 3*w**3 - w**3. Give d(m).
7
Let l(y) = y**3 - 11*y**2 + 4*y - 12. Let i(t) = t + 4. Let f be i(-5). Let x(d) = -d**2 - 1. Let j(u) = f*l(u) + 5*x(u). Determine j(5).
12
Let z(q) be the third derivative of q**4/6 - q**3/6 + 89*q**2. Give z(2).
7
Suppose 6*f - 5*f = 13. Let x(l) = -3 - 6*l**2 + 20*l - 47*l + f*l + 21*l - l**3. Give x(-7).
-3
Let m = 17 + -10. Suppose -4*a = 5*s - 19, s + 2 - m = -a. Let v(n) = 2*n + 153 + 0*n - 315 + 154. What is v(a)?
4
Let b be 5 - 1 - (-15 + 13). Let w(s) = 5*s + b*s**2 - 5*s**2 - 50 + 43. What is w(-6)?
-1
Suppose 28*q - 26*q = 0. Let n(v) = v - 2 + v**3 + 4 + 10*v**2 - 3*v**2 + q*v**3. What is n(-7)?
-5
Let q be (-3)/2*(-7 + -3). Let o(t) = 5*t**2 - 11*t**3 - 2*t + 10*t**3 - q + 16. Determine o(2).
9
Suppose -5*x + 58 = 38. Let u(n) = -n**2 + 2*n + 4. Calculate u(x).
-4
Let w(s) = 14*s + 61. Suppose 0 = 2*j - 5*l + 35, -j - 3*l = -2*l. Determine w(j).
-9
Let m(a) = -a - 10. Let i(s) = -2*s - 22. Let z(h) = -6*i(h) + 13*m(h). Suppose 3*x = -2*q + 6, 5*x + 3*q - 12 = -q. Suppose -2*g + 7*g - 20 = x. What is z(g)?
-2
Let z(j) be the second derivative of j**7/2520 + 7*j**6/720 - j**5/12 + j**4/6 + 14*j. Let y(p) be the third derivative of z(p). Calculate y(-7).
-10
Let z be 5 - 9/12*4. Let s be 1*1/(-1)*z. Let b(v) = -3*v**2 + 5*v. Let c(d) = -d**2 + 2*d. Let f(k) = -4*b(k) + 11*c(k). What is f(s)?
0
Let n(g) = -g - g + g**2 + 6*g - 2 + 0*g**2. Let s be -3 - (-2 + 5 + -3). What is n(s)?
-5
Let a(f) = 3*f**2 - f - 2. Let o be a(4). Let q = -41 + o. Let u(h) = h - 5. Let p(m) = 3. Let b(j) = 7*p(j) + 4*u(j). Calculate b(q).
5
Let p = 93 - 88. Suppose p*m = m - 3*r + 17, -2*r - 7 = -m. Let t(a) = 10*a - 11. Let w(l) = 3*l - 4. Let x(k) = 2*t(k) - 7*w(k). What is x(m)?
1
Let d be 4/10 + 17/(-5). Let u be -3 + 15/5 + 0 + -1. Let j = d + u. Let y(a) = -a**3 - 4*a**2 + a + 3. Calculate y(j).
-1
Let f(x) = x**3 - 6*x**2 + 7*x + 8. Suppose -37*w = -46*w + 36. What is f(w)?
4
Let a be (-101 - 1)*(-4)/(-6). Let s = 63 + a. Let v(r) = -r + 3*r + 3 - 4*r. Determine v(s).
13
Let q(m) = -7*m - 6 + 13 - 7*m**2 + 10*m**2 - 4*m**2. Let y = -33 + 27. Calculate q(y).
13
Let y(c) = -5*c**3 - 3*c**2 + 3*c - 12. Let i(h) = -6*h**3 - 2*h**2 + 4*h - 13. Let l(r) = -4*i(r) + 5*y(r). Calculate l(-7).
-1
Let c(d) = -d + 2. Let o(r) = 7*r - 9. Let a(k) = -4*c(k) - o(k). Let l(f) = f**2 + 6*f - 2. Let n be l(-7). Let u = n + -6. Calculate a(u).
4
Let q(r) = -3*r + 1. Let g(k) = -4*k + 1. Suppose 0*x - 5*x = -25. Suppose 6 = x*n - m - 7, 5*m = -4*n - 7. Let p(h) = n*g(h) - 3*q(h). What is p(-5)?
-6
Let y(i) be the first derivative of -3*i**2/2 + i + 141. Determine y(2).
-5
Let t(l) be the third derivative of -l**8/6720 + l**7/420 + l**5/30 - 3*l**4/8 + 4*l**2. Let y(u) be the second derivative of t(u). What is y(6)?
4
Let r(k) = -2*k + 24. Let l be r(9). Let z(m) = l*m - 4*m**2 + 31 - 21 + 3*m**2. Determine z(8).
-6
Let m(i) be the third derivative of 1/60*i**5 + 0*i**3 + 1/24*i**6 + 0 + 1/24*i**4 - 11*i**2 + 0*i. Let r = 1 + -2. What is m(r)?
-5
Let j(o) be the third derivative of o**6/120 - o**5/10 + 5*o**4/12 - o**3 - 216*o**2. Give j(4).
2
Let c be 0 + 3 + 0 - 0. Suppose c*a - 2*k = -0*a + 6, 6 = 3*a - 4*k. Let t be a/(-6) - 154/42. Let i(f) = -f**3 - 5*f**2 - 7*f - 5. Determine i(t).
7
Let o(x) = -x - 7. Let g be o(-5). Let w(h) be the third derivative of h**5/20 + h**4/24 - h**3/3 + 2*h**2. Calculate w(g).
8
Let d(r) = r**2 + 10*r + 11. Let z(m) = m**3 - 3*m**2 - 3*m + 8. Let w be -2 - -6 - (-1 + 1). Let t be z(w). Suppose 3*f + 36 = t. Give d(f).
-5
Let z be (-2)/(-9) - (-52)/9. Let i(d) = 0 - z - 25*d + 23*d. Let j = 12 - 17. Calculate i(j).
4
Let v(t) = t**3 + 8*t**2 - 2*t - 11. Suppose -a - r + 11 = 0, 2*a + 0*r + 5*r - 37 = 0. Let k be 36/a*(-3)/(9/4). Give v(k).
5
Suppose r + 1 = b - 2*r, -5*r = 2*b - 13. Let c(n) = -10*n - 2. Let k(l) = 3*l + 1. Let f = 50 - 34. Let h(u) = f*k(u) + 5*c(u). What is h(b)?
-2
Suppose -5*c - 4 = 4*y, 4*c - y = 2 - 1. Let d be -2*(3 + (c - 4)). Let i = d - -5. Let n(o) = o**3 - 7*o**2 - o + 4. Calculate n(i).
-3
Suppose 5*c + 6 = s - 4*s, -s = -c + 2. Suppose f + c*f - 21 = 0. Suppose u - f = 5*u - h, -5*u - 18 = -4*h. Let i(l) = l**2 + 7*l + 2. Determine i(u).
-4
Let s(b) = 6*b + 12 + 0*b + b - 15*b + 9*b. Determine s(-11).
1
Let y(f) = -f - 3. Suppose -4*c + 69 = 17. Suppose -c*b + 8*b = -50. Suppose 1 - 6 = 3*t + 5*v, 0 = 4*t + 5*v + b. What is y(t)?
2
Let y(w) = w**2 + 6*w - 6. Let a(h) be the third derivative of h**6/120 + h**5/10 + h**4/12 + h**3 - 17*h**2. Let c be a(-6). Give y(c).
-6
Let m(j) = 3*j**2 + 7*j + 3. Let o(y) = 2*y**2 + 7*y + 2. Let u(n) = -3*m(n) + 4*o(n). Let x be (-68)/6*1/((-1)/3). Suppose 4 - x = -6*d. What is u(d)?
9
Let x(k) = k + 8. Let w be x(-5). Let t(o) = o**2 + 3*o - 7. Let r(n) = -n**2 - 3*n + 8. Let b(s) = w*r(s) + 4*t(s). Determine b(-4).
0
Let o(v) = 2 + 0*v**2 - 1 - v + 0*v + v**2. Suppose 0 = s - 5*r - 22, -14*s + 17*s = -3*r - 6. What is o(s)?
3
Suppose -g + 6 = -3*t, 4 = g - 4*t - 1. Suppose -g = 6*s + 3. Let l(b) = 2*b**2 - b - 1. Give l(s).
9
Let u(b) = -b - 5. Suppose 0 = 6*g - 307 - 125. Let x = g - 78. Calculate u(x).
1
Let g(h) = 22*h + 152. Let i be g(-8). Let f(u) = u**3 + 5*u**2 + 6*u + 1. Let t be f(-5). Let d = i - t. Let s(m) = -m + 5. Give s(d).
0
Let s be (10 - 1040/105) + (-340)/42. Let m(n) = -n**2 - 4*n - n - 2*n - 2. Calculate m(s).
-10
Let i(v) = v**2 - 2*v - 1. Let u(b) = -b**2 + 34*b - 142. Let l be u(5). Calculate i(l).
2
Let z(q) = -5 + 3 + 1 + 10*q. Let n be (-3)/(-2) - 7/14. Determine z(n).
9
Let x(v) = 2*v**3 + 2*v**2 - 3*v + 2. Let k be (2/(-12))/(10/(-120)*2). Give x(k).
3
Let j(y) = y**3 - 640 + 0*y**3 - 10*y**2 + 646 - y. Determine j(10).
-4
Let z(d) = 4*d**2 - d - 1. Let r be z(1). Let a(m) = -r - 13*m + 12*m + 0. Give a(-7).
5
Let a(v) = -8*v**3 - v**2. Let m be a(-1). Let c(h) = 9*h - 6*h - m*h + 3 + 3*h. What is c(-5)?
8
Let c(t) = -4*t - 2*t - 1 - 11*t + 3 + 2*t. What is c(-2)?
32
Let y(l) = 56 - 3*l - 24*l**2 + 23*l**2 - 49. Give y(-6).
-11
Let y(o) be the third derivative of -o**6/360 + o**4/24 + 7*o**3/6 - 4*o**2. Let l(i) be the first derivative of y(i). Calculate l(1).
0
Let w(q) = -2*q**3 - 33*q**2 - 8*q + 1. Let z(k) = -5*k**3 - 73*k**2 - 17*k + 2. Let c(i) = -9*w(i) + 4*z(i). What is c(3)?
2
Let b = -45 + 46. Let j(l) = l + b - 5 - 3*l - l. Calculate j(-3).
5
Let p(l) be the second derivative of -l**4/12 + l**3 - 13*l**2/2 - 223*l + 2. Calculate p(2).
-5
Suppose 5*y + 15 + 0 = 5*u, 0 = 4*u + 5*y + 24. Let i(m) be the second derivative of -m**3/2 - 199*m. What is i(u)?
3
Let v(q) = -8*q**3 + 5*q**2 + 11*q + 5. Let p(w) = 9*w**3 - 4*w**2 - 9*w - 4. Let y(i) = -5*p(i) - 4*v(i). What is y(-1)?
12
Let x(l) = l**2 - 3*l - 2. Let r be 4 + -4 - (-2)/1. Suppose 5*w - 32 = -0*h + r*h, -3*w = -2*h - 16. Suppose b - 5*b = -w. Determine x(b).
-4
Let t(c) = c**3 + 2*c**2 - 3*c + 1. Let m(b) = 5*b**3 + 7*b**2 - 14*b - 1. Let v(k) = -m(k) + 4*t(k). Give v(0).
5
Let s(p) be the second derivative of -p**5/20 - p**4/4 + 5*p**3/6 + 3*p**2/2 - 684*p. Let l be 7/(-2) - (-2)/(-4). Calculate s(l).
-1
Let x(n) = -10*n - 3*n + 21*n - 10*n. Let t be (-31)/(-3) - 10/(-15). Let w = t + -7. Give x(w).
-8
Let w(n) be the first derivative of -n**3/3 + n**2 + 4*n + 148. Suppose -u - 4*u = 15. Determine w(u).
-11
Let z(r) = -r**2 + r + 17. Let p = 84 - 121. Let i = p + 37. Calculate z(i).
17
Let d(j) = -6*j**3 - j**2 + j - 1. Let c be (-3